4
Let j be (-42 + 39)*299/(-1). Let h = j - 883. Let d(f) = -f**3 + 14*f**2 - 14. What is d(h)?
-14
Let x(r) = r + 4. Let a = 447 - 231. Suppose 0 = 9*p - 12*p + a. Let j = -81 + p. Determine x(j).
-5
Let c(x) be the first derivative of 6*x**3 - 3*x**2/2 - 2*x + 157. What is c(-1)?
19
Let v(s) = 6 - 95*s + 125*s - 35*s. Give v(-4).
26
Let u(s) be the first derivative of -2*s**3/3 + s**2 - s + 51. Suppose -7 + 4 = -z. Suppose 0 = -a - 2 + z. Give u(a).
-1
Suppose 25*x - 10*x - 45 = 0. Let t(k) = -28 + 45 - 2*k**2 - 16 - 2*k**x. Calculate t(1).
-3
Let q be -2*(-7 - (-15)/2). Let z be q/7 + -9*(-25)/105. Let l(n) = 11*n - 2. What is l(z)?
20
Let d(i) = 3*i + 2. Let p be d(0). Let m(f) = -25*f**2 + 0*f - 2*f**3 + 28*f**p + 0*f. What is m(2)?
-4
Let n(a) = a**3 + 6*a**2 + 6*a + 6. Let s be n(-5). Let j be s/(7 + (-232)/32). Let z(h) = h**3 + 5*h**2 + h - 4. Give z(j).
8
Let v(a) = -4*a**2 - 5*a**3 + a**3 + 40 - a - 39 + 3*a**3. Suppose -11 = 3*u + 22. Let q = -14 - u. Give v(q).
-5
Suppose 0*a + 2*a = 6. Let c(m) = 28*m + 823. Let i(g) = 62*g + 1830. Let p(v) = -20*c(v) + 9*i(v). What is p(a)?
4
Let i = -11115 - -11118. Let f(j) be the first derivative of -1/3*j**i - 9/2*j**2 - 4 + 12*j. Give f(-10).
2
Suppose 2*j - 4*j + 3*h - 10 = 0, -4*h + 17 = j. Let c(f) = -8 + 5*f + 4 - j. What is c(4)?
15
Let g(t) = t**3 - 12*t**2 - 13. Let m be g(12). Let n(u) = u**2 + 16*u + 33. Let i be n(m). Let d(j) = -j - 3. Calculate d(i).
3
Let t(k) = 12*k**2 - 59*k + 26. Let h(a) = 7*a**2 - 31*a + 13. Let u(f) = 5*h(f) - 3*t(f). What is u(21)?
8
Let o(b) = 20*b**3 + 3*b**2 - 25*b + 33. Let c(k) = 23*k**3 + 4*k**2 - 29*k + 38. Let q(z) = 6*c(z) - 7*o(z). What is q(3)?
-27
Let v(b) be the third derivative of 1/12*b**4 - 7/3*b**3 + 86*b**2 + 0*b + 0. Determine v(11).
8
Let g(f) = 7*f + 9. Let o be g(0). Let a(v) be the third derivative of v**4/24 + 5*v**3/3 - 258*v**2. Give a(o).
19
Let f be 2/(-5) + 84/35. Let x(y) = 2*y - y - 271 - 19*y**f + 272. Suppose 4*h - 4*v = 16, -3*h - 2*v = -19 + 32. Determine x(h).
-19
Let o(k) be the second derivative of -2/3*k**4 + 1/20*k**5 - 7/2*k**2 - 133*k + 4/3*k**3 + 0. Give o(7).
0
Suppose -17 = u - 2*u + 5*l, -20 = 5*l. Let a be (-12)/14*((u - -1) + -5). Let b(i) = i**2 - 5*i - 1. What is b(a)?
5
Let r(v) be the third derivative of -v**5/20 + v**4/24 - 6*v**2 + 1. Determine r(4).
-44
Let j(v) = v - 36. Let k(f) = -f + 18. Let i(l) = -j(l) - 2*k(l). What is i(-4)?
-4
Let x = 20 - 159. Let b = x - -140. Let d(m) = -4*m + 1. Determine d(b).
-3
Let p(n) be the second derivative of n**3/3 - 10*n**2 + 5*n - 3. Calculate p(14).
8
Let i(l) be the second derivative of 7*l**4/12 + 7*l**3 + l**2 - 37*l. Let k be i(-6). Let b(t) = 2*t**3 + t**2 - t - 1. What is b(k)?
17
Let j = 2 + 2. Let g(z) be the third derivative of z**5/60 - z**4/8 - z**3/3 - 2800*z**2 - 2*z - 1. Determine g(j).
2
Let n(t) = 47*t - 84. Let l(a) = 23*a - 36. Let s(x) = 14*l(x) - 6*n(x). What is s(1)?
40
Let l(s) = s**3 - 4*s**2 - 6*s + 4. Let d(m) = 7*m + 61. Let t = 23 + -31. Let a be d(t). Calculate l(a).
-1
Let f(w) = 112 - 53 - 59 - 15*w + 4*w**2 - 3*w**2. Determine f(14).
-14
Let p(c) = 9*c + 9. Let h(q) = -77*q - 78. Let w(d) = 6*h(d) + 51*p(d). Determine w(-10).
21
Let z(w) = -w**2 + 7*w + 4. Let q(r) = -r**3 - 5*r**2 - 8*r. Let u be q(-2). Suppose 3*s = 5*x + 6, 5*s + 2 - 25 = u*x. What is z(s)?
4
Suppose 8*o + 40 = -0. Let j(x) = -x**3 - 9*x**2 - 2*x - 12. Let z be j(-9). Let w(f) = f + 7. Let g(v) = v + 8. Let y(q) = o*g(q) + z*w(q). Determine y(-6).
-4
Let c(l) = -2*l**2 - 11*l + 4. Suppose z - 2*m = 3*m + 2, 2*m = -5*z + 10. Let x(v) = -2*v**3 + 3*v**2 - 6*v + 10. Let q be x(z). What is c(q)?
-2
Suppose 5*s - 126 = -2*k - 0*k, 4*k - 4*s - 280 = 0. Suppose -296 = 5*t - 3*p + k, p + 210 = -3*t. Let a = t - -70. Let j(w) = 16*w**2 + w. What is j(a)?
15
Let a(m) be the second derivative of 2*m**3/3 + 25*m**2 + 1531*m. What is a(-5)?
30
Let w(k) = 60 + 3*k - 3*k**3 - 59 - 5*k. Let i(l) = 3*l**2 + 2*l - 2. Let a(c) = -c**2. Let j(q) = 2*a(q) + i(q). Let x be j(-3). What is w(x)?
-4
Let a(f) = f**3 - 6*f**2 + 2*f - 4. Suppose -h - 2*k = -4, -10 + 7 = -h - 3*k. Determine a(h).
8
Let d(l) be the third derivative of l**6/120 + 17*l**5/60 + 17*l**4/24 + 17*l**3/3 + 2*l**2 + 24. Give d(-16).
18
Suppose 30 = b + 14*b. Let z(f) = 0 - 177*f**3 + 92*f**3 - b*f + 102*f**3 + f**2 + 1. Give z(1).
17
Let u(l) = 43*l + 111. Let p(o) = 86*o + 226. Let q(d) = -6*p(d) + 11*u(d). What is q(-3)?
-6
Let s(k) = 4*k**3 + 9*k**2 + 4*k - 1. Let m be 3 - ((-2)/(3*5/(-30)) - -1). What is s(m)?
-5
Let c(f) be the second derivative of -f**7/840 - f**6/90 - 5*f**4/24 - 45*f**3/2 + 103*f. Let p(x) be the second derivative of c(x). Calculate p(-5).
20
Suppose -321*d + 317*d + 2*o + 10 = 0, 0 = -d + 4*o - 8. Let f(h) = 70*h - 290. Determine f(d).
-10
Let y be (-27)/((-27)/(-14)) + 23. Let d(f) = -f**3 + 10*f**2 - 4*f - 2. Calculate d(y).
43
Let o(d) be the first derivative of 1/3*d**4 + 0*d + 0*d**2 - 25 - 2/3*d**3 - 1/40*d**5. Let l(j) be the third derivative of o(j). Determine l(6).
-10
Let r(l) = -l**3 + 4*l**2 + 8*l - 19. Suppose 297*q - 1927 = -145. Give r(q).
-43
Let o = 10 - 4. Let s be (-1 - -4)*2*(-2)/(-4). Let q(n) = -20*n**3 + 21*n**3 - s*n - 7 + n - 2*n - 5*n**2. Calculate q(o).
5
Let x(v) = v**3 - 3 - 24*v**2 + 57*v**2 - 34*v**2. Calculate x(0).
-3
Suppose -18 = -4*i - 2*c, -6*c + 13 = 2*i - 9*c. Let f(x) = 4*x**2 + 1084*x - 3 + i - 1085*x - x**3. Calculate f(4).
-2
Let x(t) = 3*t - 12. Suppose 35 = 4*s + k, s - 14 = 7*k - 2*k. Let i be x(s). Suppose -2*c + i = c - m, 0 = -c - 5*m + 5. Let p(r) = r**2 - 7*r - 1. Give p(c).
-11
Let y be (6/(-8))/(0 + (-3)/12). Let w(b) = 4*b**3 + 3*b**2 + 2*b + 5. Let v(s) = s**3 - s**2 + 1. Let k(g) = y*v(g) - w(g). Determine k(-6).
10
Let b(y) = -3*y**2 - 5*y - 4. Let k(u) = 2*u**3 + 2*u**2 - 5*u + 2. Let w be k(-4). Let z = w + 71. Give b(z).
-16
Let p = -1880 - -1908. Let i(f) = f**3 - 29*f**2 + 27*f + 32. What is i(p)?
4
Let a(i) = 16*i + 3*i**2 + 18*i + 304 - 10*i + 2*i - 294. Give a(-8).
-6
Let f(h) = 115 + 356*h + 127 - 325*h + 63. Give f(-10).
-5
Let m(g) = 2*g**3 - 22*g**2 - 14. Let h = 16467 - 16456. Determine m(h).
-14
Let z(b) = 401*b + 28 - 753*b - 2 + 336*b. Determine z(2).
-6
Let r(w) = -w**2 + 7*w - 8. Let n = -214 + 222. Suppose 3*x - 44 = -n*x. Give r(x).
4
Let a(o) = 7*o + 9*o**3 + 1 - 8*o**3 + 157*o**2 + 0*o**3 - 152*o**2. Calculate a(-7).
-146
Let x(b) = -39*b - 29. Let r(j) = 22*j - 1. Let k(h) = 2*r(h) + x(h). Give k(12).
29
Let p = -76000 - -76002. Let d(m) be the third derivative of -m**4/24 - m**3/6 - m**2. Give d(p).
-3
Let i be (-1 + -1)/(1/(-3)). Let v(b) be the first derivative of -b**3/3 + 7*b**2/2 - 7*b + 1303. What is v(i)?
-1
Let y(p) = -11*p - 2. Let d(x) = -26*x - 6. Let z(r) = d(r) - 2*y(r). Calculate z(-2).
6
Let s(t) = t**2 + 27*t + 56. Let p be (-213)/9 - (7/12 + (-3)/(-4)). Give s(p).
6
Let t(i) be the first derivative of -i**4/4 + 4*i**3/3 + 3*i**2/2 - 9*i - 1224. Calculate t(5).
-19
Suppose -4*d = -5*n - 25, 2*n + 18*d = 13*d - 10. Let m(f) = -12*f - 18. Give m(n).
42
Let s(y) = 4*y - 7. Let r = -93 + 91. Let o = r + -3. Give s(o).
-27
Let r(f) be the first derivative of f**4/4 + 5*f**3/3 - 83*f**2/2 + 16*f + 7408. Calculate r(-12).
4
Let f(c) be the second derivative of 1/12*c**4 - 1/2*c**3 + 0 + 10*c - 3/2*c**2. Let q = -39 + 43. Determine f(q).
1
Suppose 30*f - 156*f - 1512 = 0. Let h(a) = 2*a + 25. Calculate h(f).
1
Let t(x) = 21*x**2 + 9*x - 9. Let u(n) = -8*n**2 - 5*n + 4. Let l(b) = 3*t(b) + 8*u(b). Let o be -7 - (1/(-1) + 1). Give l(o).
47
Let a(r) = -11*r**3 - 8*r**2 - 3*r + 8. Let x(o) = 2*o**3 + o**2 + o - 2. Let n(k) = a(k) + 6*x(k). Suppose -4*v + 52 - 40 = 0. What is n(v)?
14
Let t(w) = -3*w**2 + 12*w - 7. Let l(j) = -9*j**2 + 35*j - 22. Let o(p) = 4*l(p) - 11*t(p). Give o(2).
-7
Suppose -66*x + 121*x - 275 = 0. Let g(i) = -256*i + 1281. Calculate g(x).
1
Let d be (2/4)/((-2)/32). Let t(s) be the third derivative of s**4/12 - 5*s**3/3 - 10569*s**2. What is t(d)?
-26
Let y(n) = -n**2 - 13*n - 4. Let l be y(-13). Let j(z) be the first derivative of -z**3/3 - z**2 + 4*z - 22. What is j(l)?
-4
Suppose 1252 = 160*b - 188. Let n(s) = s**2 + 71*s - 721. What is n(b)?
-1
Let c = 34300 + -34296. Let 